{"id":6793,"date":"2021-06-07T13:43:33","date_gmt":"2021-06-07T17:43:33","guid":{"rendered":"https:\/\/cpcx.ufms.br\/?page_id=6793"},"modified":"2021-06-07T13:51:29","modified_gmt":"2021-06-07T17:51:29","slug":"projetos-de-ensino","status":"publish","type":"page","link":"https:\/\/cpcx.ufms.br\/en\/enfermagem\/projetos\/projetos-de-ensino\/","title":{"rendered":"Projetos de Ensino"},"content":{"rendered":"<hr>\n<h1>Projetos de Ensino<\/h1>\n<hr>\n<ul>\n<li>\n<h3>Fortalecimento do perfil do egresso do curso de enfermagem CPCX.<\/h3>\n<\/li>\n<\/ul>\n<p>&nbsp;&nbsp;&nbsp;&nbsp;&nbsp;&nbsp;&nbsp;&nbsp;&nbsp;&nbsp;&nbsp;&nbsp;&nbsp;&nbsp;&nbsp;&nbsp;&nbsp;&nbsp;&nbsp;&nbsp;&nbsp;&nbsp;&nbsp;&nbsp;&nbsp;&nbsp;&nbsp;&nbsp;&nbsp;&nbsp;&nbsp;&nbsp;&nbsp;&nbsp;&nbsp;&nbsp;&nbsp;&nbsp;&nbsp;&nbsp;&nbsp;&nbsp;&nbsp;&nbsp;&nbsp;&nbsp;&nbsp;&nbsp;&nbsp;&nbsp;&nbsp;&nbsp;&nbsp;&nbsp;&nbsp;&nbsp;&nbsp;&nbsp;&nbsp;&nbsp;&nbsp;&nbsp;&nbsp;&nbsp; (FINALIZADO)<\/p>\n<p>&nbsp;&nbsp; &nbsp; VIG\u00caNCIA:<strong>&nbsp;<\/strong>2019<\/p>\n<p>&nbsp;&nbsp; &nbsp;&nbsp; PROFESSOR COORDENADOR: Naiara Gajo Silva<\/p>\n<p>&nbsp;&nbsp;&nbsp;&nbsp;&nbsp; PROFESSORES COLABORADORES: Nathan Aratani, Sueli Santiago Baldan, Verusca Soares, Soraia Geraldo Rozza Lopes<\/p>\n<p>&nbsp;&nbsp;&nbsp;&nbsp;&nbsp; P\u00daBLICO ALVO: acad\u00eamicos cursando o 10\u00ba per\u00edodo do curso de Enfermagem<\/p>\n<p>&nbsp;&nbsp;&nbsp;&nbsp;&nbsp; A\u00c7\u00d5ES DESENVOLVIDAS: Discuss\u00e3o de editais de resid\u00eancia e concursos; resolu\u00e7\u00e3o de quest\u00f5es, a\u00e7\u00f5es de recupera\u00e7\u00e3o de conte\u00fado conforme planejamento e cronograma semestral.<\/p>\n<ul>\n<li>\n<h3>Desenvolvimento de m\u00eddias digitais para divulga\u00e7\u00e3o de informa\u00e7\u00f5es gerais do Curso de Enfermagem &#8211; ENFM\u00cdDIAS<\/h3>\n<\/li>\n<\/ul>\n<p>&nbsp;&nbsp;&nbsp;&nbsp;&nbsp;&nbsp; Vig\u00eancia: 2020<\/p>\n<p>&nbsp;&nbsp;&nbsp;&nbsp;&nbsp;&nbsp; Professora Coordenadora: Katia Motta<\/p>\n<p>&nbsp;&nbsp;&nbsp;&nbsp;&nbsp;&nbsp; Professora colaboradora: Naiara Gajo Silva<\/p>\n<p>&nbsp;&nbsp;&nbsp;&nbsp;&nbsp;&nbsp; T\u00e9cnica colaboradora: Fernanda Santos<\/p>\n<p>&nbsp;&nbsp;&nbsp;&nbsp;&nbsp;&nbsp; Acad\u00eamicos volunt\u00e1rios: Taiany Matossi; Polyana Luize Chautz; Let\u00edcia Muller; J\u00e9ssica Lemes; Maria Eduarda Cristaldo; Let\u00edcia Ferreira Rocha; Renata Ferreira de Andrade; Maur\u00edcio Bispo;&nbsp;&nbsp;<\/p>\n<p>&nbsp;&nbsp;&nbsp;&nbsp;&nbsp;&nbsp; Na\u00edra Suele da Concei\u00e7\u00e3o Santos; Lourival Serrou Camy Neto<\/p>\n<p>&nbsp;&nbsp;&nbsp;&nbsp;&nbsp;&nbsp; P\u00fablico alvo: acad\u00eamicos do curso de enfermagem UFMS\/CPCX<\/p>\n<p>&nbsp;&nbsp;&nbsp;&nbsp;&nbsp;&nbsp;&nbsp; Hor\u00e1rio das reuni\u00f5es: virtuais oportunamente<\/p>\n<p>&nbsp;&nbsp;&nbsp;&nbsp;&nbsp;&nbsp;&nbsp; A\u00e7\u00f5es desenvolvidas: produ\u00e7\u00e3o de material \u00e1udio visual sobre projetos de pesquisa, ensino, extens\u00e3o e ligas acad\u00eamicas do curso de Enfermagem; produ\u00e7\u00e3o de material \u00e1udio visual sobre processos acad\u00eamicos; esclarecimentos das d\u00favidas mais frequentes dos alunos apresentadas \u00e0 coordena\u00e7\u00e3o de curso de Enfermagem e produzir material sobre t\u00f3picos espec\u00edficos de atualiza\u00e7\u00f5es de conhecimentos e t\u00e9cnicas de enfermagem. Divulga\u00e7\u00e3o do material produzido em m\u00eddias digitais.<\/p>\n","protected":false},"excerpt":{"rendered":"<p>Projetos de Ensino Fortalecimento do perfil do egresso do curso de enfermagem CPCX. &nbsp;&nbsp;&nbsp;&nbsp;&nbsp;&nbsp;&nbsp;&nbsp;&nbsp;&nbsp;&nbsp;&nbsp;&nbsp;&nbsp;&nbsp;&nbsp;&nbsp;&nbsp;&nbsp;&nbsp;&nbsp;&nbsp;&nbsp;&nbsp;&nbsp;&nbsp;&nbsp;&nbsp;&nbsp;&nbsp;&nbsp;&nbsp;&nbsp;&nbsp;&nbsp;&nbsp;&nbsp;&nbsp;&nbsp;&nbsp;&nbsp;&nbsp;&nbsp;&nbsp;&nbsp;&nbsp;&nbsp;&nbsp;&nbsp;&nbsp;&nbsp;&nbsp;&nbsp;&nbsp;&nbsp;&nbsp;&nbsp;&nbsp;&nbsp;&nbsp;&nbsp;&nbsp;&nbsp;&nbsp; (FINALIZADO) &nbsp;&nbsp; &nbsp; VIG\u00caNCIA:&nbsp;2019 &nbsp;&nbsp; &nbsp;&nbsp; PROFESSOR COORDENADOR: Naiara Gajo Silva &nbsp;&nbsp;&nbsp;&nbsp;&nbsp; PROFESSORES COLABORADORES: Nathan Aratani, Sueli Santiago Baldan, Verusca Soares, Soraia Geraldo Rozza Lopes &nbsp;&nbsp;&nbsp;&nbsp;&nbsp; P\u00daBLICO ALVO: acad\u00eamicos cursando o 10\u00ba per\u00edodo do curso de Enfermagem &nbsp;&nbsp;&nbsp;&nbsp;&nbsp; A\u00c7\u00d5ES DESENVOLVIDAS: Discuss\u00e3o [&hellip;]<\/p>\n","protected":false},"author":7210,"featured_media":0,"parent":5043,"menu_order":0,"comment_status":"closed","ping_status":"closed","template":"","meta":{"_eb_attr":"","ngg_post_thumbnail":0,"footnotes":""},"coauthors":[],"class_list":["post-6793","page","type-page","status-publish","hentry"],"_links":{"self":[{"href":"https:\/\/cpcx.ufms.br\/en\/wp-json\/wp\/v2\/pages\/6793","targetHints":{"allow":["GET"]}}],"collection":[{"href":"https:\/\/cpcx.ufms.br\/en\/wp-json\/wp\/v2\/pages"}],"about":[{"href":"https:\/\/cpcx.ufms.br\/en\/wp-json\/wp\/v2\/types\/page"}],"author":[{"embeddable":true,"href":"https:\/\/cpcx.ufms.br\/en\/wp-json\/wp\/v2\/users\/7210"}],"replies":[{"embeddable":true,"href":"https:\/\/cpcx.ufms.br\/en\/wp-json\/wp\/v2\/comments?post=6793"}],"version-history":[{"count":1,"href":"https:\/\/cpcx.ufms.br\/en\/wp-json\/wp\/v2\/pages\/6793\/revisions"}],"predecessor-version":[{"id":6794,"href":"https:\/\/cpcx.ufms.br\/en\/wp-json\/wp\/v2\/pages\/6793\/revisions\/6794"}],"up":[{"embeddable":true,"href":"https:\/\/cpcx.ufms.br\/en\/wp-json\/wp\/v2\/pages\/5043"}],"wp:attachment":[{"href":"https:\/\/cpcx.ufms.br\/en\/wp-json\/wp\/v2\/media?parent=6793"}],"wp:term":[{"taxonomy":"author","embeddable":true,"href":"https:\/\/cpcx.ufms.br\/en\/wp-json\/wp\/v2\/coauthors?post=6793"}],"curies":[{"name":"wp","href":"https:\/\/api.w.org\/{rel}","templated":true}]}}

<hr>
<h1>Projetos de Ensino</h1>
<hr>
<ul>
<li>
<h3>Fortalecimento do perfil do egresso do curso de enfermagem CPCX.</h3>
</li>
</ul>
<p>&nbsp;&nbsp;&nbsp;&nbsp;&nbsp;&nbsp;&nbsp;&nbsp;&nbsp;&nbsp;&nbsp;&nbsp;&nbsp;&nbsp;&nbsp;&nbsp;&nbsp;&nbsp;&nbsp;&nbsp;&nbsp;&nbsp;&nbsp;&nbsp;&nbsp;&nbsp;&nbsp;&nbsp;&nbsp;&nbsp;&nbsp;&nbsp;&nbsp;&nbsp;&nbsp;&nbsp;&nbsp;&nbsp;&nbsp;&nbsp;&nbsp;&nbsp;&nbsp;&nbsp;&nbsp;&nbsp;&nbsp;&nbsp;&nbsp;&nbsp;&nbsp;&nbsp;&nbsp;&nbsp;&nbsp;&nbsp;&nbsp;&nbsp;&nbsp;&nbsp;&nbsp;&nbsp;&nbsp;&nbsp; (FINALIZADO)</p>
<p>&nbsp;&nbsp; &nbsp; VIGÊNCIA:<strong>&nbsp;</strong>2019</p>
<p>&nbsp;&nbsp; &nbsp;&nbsp; PROFESSOR COORDENADOR: Naiara Gajo Silva</p>
<p>&nbsp;&nbsp;&nbsp;&nbsp;&nbsp; PROFESSORES COLABORADORES: Nathan Aratani, Sueli Santiago Baldan, Verusca Soares, Soraia Geraldo Rozza Lopes</p>
<p>&nbsp;&nbsp;&nbsp;&nbsp;&nbsp; PÚBLICO ALVO: acadêmicos cursando o 10º período do curso de Enfermagem</p>
<p>&nbsp;&nbsp;&nbsp;&nbsp;&nbsp; AÇÕES DESENVOLVIDAS: Discussão de editais de residência e concursos; resolução de questões, ações de recuperação de conteúdo conforme planejamento e cronograma semestral.</p>
<ul>
<li>
<h3>Desenvolvimento de mídias digitais para divulgação de informações gerais do Curso de Enfermagem &#8211; ENFMÍDIAS</h3>
</li>
</ul>
<p>&nbsp;&nbsp;&nbsp;&nbsp;&nbsp;&nbsp; Vigência: 2020</p>
<p>&nbsp;&nbsp;&nbsp;&nbsp;&nbsp;&nbsp; Professora Coordenadora: Katia Motta</p>
<p>&nbsp;&nbsp;&nbsp;&nbsp;&nbsp;&nbsp; Professora colaboradora: Naiara Gajo Silva</p>
<p>&nbsp;&nbsp;&nbsp;&nbsp;&nbsp;&nbsp; Técnica colaboradora: Fernanda Santos</p>
<p>&nbsp;&nbsp;&nbsp;&nbsp;&nbsp;&nbsp; Acadêmicos voluntários: Taiany Matossi; Polyana Luize Chautz; Letícia Muller; Jéssica Lemes; Maria Eduarda Cristaldo; Letícia Ferreira Rocha; Renata Ferreira de Andrade; Maurício Bispo;&nbsp;&nbsp;</p>
<p>&nbsp;&nbsp;&nbsp;&nbsp;&nbsp;&nbsp; Naíra Suele da Conceição Santos; Lourival Serrou Camy Neto</p>
<p>&nbsp;&nbsp;&nbsp;&nbsp;&nbsp;&nbsp; Público alvo: acadêmicos do curso de enfermagem UFMS/CPCX</p>
<p>&nbsp;&nbsp;&nbsp;&nbsp;&nbsp;&nbsp;&nbsp; Horário das reuniões: virtuais oportunamente</p>
<p>&nbsp;&nbsp;&nbsp;&nbsp;&nbsp;&nbsp;&nbsp; Ações desenvolvidas: produção de material áudio visual sobre projetos de pesquisa, ensino, extensão e ligas acadêmicas do curso de Enfermagem; produção de material áudio visual sobre processos acadêmicos; esclarecimentos das dúvidas mais frequentes dos alunos apresentadas à coordenação de curso de Enfermagem e produzir material sobre tópicos específicos de atualizações de conhecimentos e técnicas de enfermagem. Divulgação do material produzido em mídias digitais.</p>

<p>Projetos de Ensino Fortalecimento do perfil do egresso do curso de enfermagem CPCX. &nbsp;&nbsp;&nbsp;&nbsp;&nbsp;&nbsp;&nbsp;&nbsp;&nbsp;&nbsp;&nbsp;&nbsp;&nbsp;&nbsp;&nbsp;&nbsp;&nbsp;&nbsp;&nbsp;&nbsp;&nbsp;&nbsp;&nbsp;&nbsp;&nbsp;&nbsp;&nbsp;&nbsp;&nbsp;&nbsp;&nbsp;&nbsp;&nbsp;&nbsp;&nbsp;&nbsp;&nbsp;&nbsp;&nbsp;&nbsp;&nbsp;&nbsp;&nbsp;&nbsp;&nbsp;&nbsp;&nbsp;&nbsp;&nbsp;&nbsp;&nbsp;&nbsp;&nbsp;&nbsp;&nbsp;&nbsp;&nbsp;&nbsp;&nbsp;&nbsp;&nbsp;&nbsp;&nbsp;&nbsp; (FINALIZADO) &nbsp;&nbsp; &nbsp; VIGÊNCIA:&nbsp;2019 &nbsp;&nbsp; &nbsp;&nbsp; PROFESSOR COORDENADOR: Naiara Gajo Silva &nbsp;&nbsp;&nbsp;&nbsp;&nbsp; PROFESSORES COLABORADORES: Nathan Aratani, Sueli Santiago Baldan, Verusca Soares, Soraia Geraldo Rozza Lopes &nbsp;&nbsp;&nbsp;&nbsp;&nbsp; PÚBLICO ALVO: acadêmicos cursando o 10º período do curso de Enfermagem &nbsp;&nbsp;&nbsp;&nbsp;&nbsp; AÇÕES DESENVOLVIDAS: Discussão [&hellip;]</p>
