{"id":8950,"date":"2023-04-04T07:41:29","date_gmt":"2023-04-04T11:41:29","guid":{"rendered":"https:\/\/cpcx.ufms.br\/?page_id=8950"},"modified":"2023-04-04T09:37:39","modified_gmt":"2023-04-04T13:37:39","slug":"emprestimo-de-equipamento-tecnologico","status":"publish","type":"page","link":"https:\/\/cpcx.ufms.br\/en\/emprestimo-de-equipamento-tecnologico\/","title":{"rendered":"Empr\u00e9stimo de Equipamento\u00a0Tecnol\u00f3gico"},"content":{"rendered":"<p><span style=\"font-size: 14pt\">Ap\u00f3s o envio do formul\u00e1rio, os dados ser\u00e3o analisados e, em seguida, ser\u00e1 enviado ao endere\u00e7o de e-mail cadastrado um termo de responsabilidade para que o respons\u00e1vel possa realizar a assinatura digital.<\/span><\/p>\n<p>&nbsp;<\/p>\n<p><span style=\"font-size: 14pt\">Utilize o link abaixo para cadastrar-se no SEI e realizar a assinatura digital.<\/span><\/p>\n<p><span style=\"font-size: 14pt\"><a href=\"https:\/\/sei.ufms.br\/sei\/controlador_externo.php?acao=usuario_externo_enviar_cadastro&amp;acao_origem=usuario_externo_avisar_cadastro&amp;id_orgao_acesso_externo=0\">Link para cadastro no SEI<\/a><\/span><\/p>\n<p>&nbsp;<\/p>\n<p><span style=\"color: #ff0000;font-size: 14pt\">Obs: <\/span><\/p>\n<p><span style=\"color: #ff0000;font-size: 14pt\">Os Monitores ser\u00e3o disponibilizados exclusivamente para alunos que tiverem vinculados \u00e0s atividades de extens\u00e3o. <\/span><\/p>\n<p><span style=\"color: #ff0000;font-size: 14pt\">A entrega do equipamento somente ocorrer\u00e1 ap\u00f3s a assinatura digital do respons\u00e1vel no SEI. <\/span><\/p>\n<p>&nbsp;<\/p>\n[formidable id=&#8221;34&#8243;]\n","protected":false},"excerpt":{"rendered":"<p>Ap\u00f3s o envio do formul\u00e1rio, os dados ser\u00e3o analisados e, em seguida, ser\u00e1 enviado ao endere\u00e7o de e-mail cadastrado um termo de responsabilidade para que o respons\u00e1vel possa realizar a assinatura digital. &nbsp; Utilize o link abaixo para cadastrar-se no SEI e realizar a assinatura digital. Link para cadastro no SEI &nbsp; Obs: Os Monitores [&hellip;]<\/p>\n","protected":false},"author":55297,"featured_media":0,"parent":0,"menu_order":0,"comment_status":"closed","ping_status":"closed","template":"page-templates\/page-coordenadorias.php","meta":{"_eb_attr":"","ngg_post_thumbnail":0,"footnotes":""},"coauthors":[],"class_list":["post-8950","page","type-page","status-publish","hentry"],"_links":{"self":[{"href":"https:\/\/cpcx.ufms.br\/en\/wp-json\/wp\/v2\/pages\/8950","targetHints":{"allow":["GET"]}}],"collection":[{"href":"https:\/\/cpcx.ufms.br\/en\/wp-json\/wp\/v2\/pages"}],"about":[{"href":"https:\/\/cpcx.ufms.br\/en\/wp-json\/wp\/v2\/types\/page"}],"author":[{"embeddable":true,"href":"https:\/\/cpcx.ufms.br\/en\/wp-json\/wp\/v2\/users\/55297"}],"replies":[{"embeddable":true,"href":"https:\/\/cpcx.ufms.br\/en\/wp-json\/wp\/v2\/comments?post=8950"}],"version-history":[{"count":11,"href":"https:\/\/cpcx.ufms.br\/en\/wp-json\/wp\/v2\/pages\/8950\/revisions"}],"predecessor-version":[{"id":8964,"href":"https:\/\/cpcx.ufms.br\/en\/wp-json\/wp\/v2\/pages\/8950\/revisions\/8964"}],"wp:attachment":[{"href":"https:\/\/cpcx.ufms.br\/en\/wp-json\/wp\/v2\/media?parent=8950"}],"wp:term":[{"taxonomy":"author","embeddable":true,"href":"https:\/\/cpcx.ufms.br\/en\/wp-json\/wp\/v2\/coauthors?post=8950"}],"curies":[{"name":"wp","href":"https:\/\/api.w.org\/{rel}","templated":true}]}}

Empréstimo de Equipamento Tecnológico

<p><span style="font-size: 14pt">Após o envio do formulário, os dados serão analisados e, em seguida, será enviado ao endereço de e-mail cadastrado um termo de responsabilidade para que o responsável possa realizar a assinatura digital.</span></p>
<p>&nbsp;</p>
<p><span style="font-size: 14pt">Utilize o link abaixo para cadastrar-se no SEI e realizar a assinatura digital.</span></p>
<p><span style="font-size: 14pt"><a href="https://sei.ufms.br/sei/controlador_externo.php?acao=usuario_externo_enviar_cadastro&amp;acao_origem=usuario_externo_avisar_cadastro&amp;id_orgao_acesso_externo=0">Link para cadastro no SEI</a></span></p>
<p>&nbsp;</p>
<p><span style="color: #ff0000;font-size: 14pt">Obs: </span></p>
<p><span style="color: #ff0000;font-size: 14pt">Os Monitores serão disponibilizados exclusivamente para alunos que tiverem vinculados às atividades de extensão. </span></p>
<p><span style="color: #ff0000;font-size: 14pt">A entrega do equipamento somente ocorrerá após a assinatura digital do responsável no SEI. </span></p>
<p>&nbsp;</p>
[formidable id=&#8221;34&#8243;]

<p>Após o envio do formulário, os dados serão analisados e, em seguida, será enviado ao endereço de e-mail cadastrado um termo de responsabilidade para que o responsável possa realizar a assinatura digital. &nbsp; Utilize o link abaixo para cadastrar-se no SEI e realizar a assinatura digital. Link para cadastro no SEI &nbsp; Obs: Os Monitores [&hellip;]</p>
